 = -37 + r. What is the tens digit of c?
4
Let u = 120 - 116. Suppose 2*d = 0, -2 - 13 = -3*f + d. What is the units digit of f - 2 - u - (-213)/3?
0
What is the tens digit of ((-4410)/(-350))/((-1)/(-20))?
5
Let m be 1 - (-6)/(4/(32/12)). Suppose -67 = m*f - 22. What is the units digit of (-1024)/(-6) + f/(135/10)?
0
Let d = -1558 + 2808. What is the hundreds digit of d?
2
Let y(l) = 1675*l**2 + 31*l - 129. What is the tens digit of y(3)?
3
Suppose 15*r - 17*r - 22 = 0. Let w be (-2)/13 - (-14000)/(-260). Let c = r - w. What is the units digit of c?
3
Let v be 3/(((-2)/(-24))/(32/(-72))). Let k(u) = u**3 + 17*u**2 + u - 34. What is the tens digit of k(v)?
0
Let t = -1357 - -2133. Let b = 603 + t. What is the hundreds digit of b?
3
Suppose -17*v + 1872 = -14*v. Let r = v + -955. Let w = -195 - r. What is the tens digit of w?
3
Suppose -242*p + 3420335 + 6570393 = 0. What is the thousands digit of p?
1
Let h be (-1)/(1/(-48)) + 0. Let n be 3*(24 + 1 + (-8)/12). Let y = h + n. What is the tens digit of y?
2
Let h(k) = k**2 - 13*k - 16. Let i be h(14). Let f be 1 + i + -1 + 108. Let c = f + -18. What is the tens digit of c?
8
Suppose -5*v - 1136 = -9*v. Let a = v - 183. Suppose -4 = -h, -4*h = 2*s - a - 45. What is the units digit of s?
5
Let v(f) = -1806*f - 3229. What is the units digit of v(-5)?
1
What is the units digit of 70263/6 - 810/108?
3
Suppose 488*f + 270240 = 518*f. What is the units digit of f?
8
Let m(c) = 5*c + 66. Let y be m(-12). Suppose -4*u + 642 = -2*r, -10*u = -y*u + 5*r - 677. What is the units digit of u?
3
Let l = 148 - 88. Let r = l - -224. What is the tens digit of r?
8
Suppose 26 = b + 3*h, 3*b - 9 = 5*h - 1. Let x(i) = 5*i - 51. Let o be x(b). Suppose o*s + 228 = 2*z, 0 = 3*s - 2*s - 1. What is the hundreds digit of z?
1
Let d = -27 + 28. Suppose 0 = -4*h - 5*x - d - 2, h + 3*x + 6 = 0. Suppose c = -3*y + 75 - 3, h*c = -3*y + 66. What is the tens digit of y?
2
Suppose 22*q = 15*q + 84. Let u(c) = 3*c + 8 - q + 20 - c**2 + 2*c**2. What is the units digit of u(-8)?
6
Let a(t) = t**2 + 16*t - 8. Let h be a(-17). Let f = h + -9. Let v(r) = -r + 33. What is the tens digit of v(f)?
3
Let s be 699/6 - 10 - (-6)/4. What is the units digit of 594/s*10*1?
5
Suppose 4 = -3*w + 7*w, 5*l + 4*w + 81 = 0. Let z(k) = -16*k - 46. What is the units digit of z(l)?
6
Let o(v) = 2*v**3 + 17*v**2 + 12*v + 117. What is the units digit of o(30)?
7
Let z(i) = i**2 + 2*i + 151. Let p = -120 - -123. Let o be 4/(-1) - -7 - p/1. What is the hundreds digit of z(o)?
1
Let p(u) = 34*u**2 - 2*u + 1. Let o(t) = -34*t**2 + t - 1. Let i(g) = 5*o(g) + 4*p(g). Let z be i(-2). What is the units digit of (-2 - z) + 3 + -1?
1
Let m be 3/2 + 7/14. Let u(a) = -7*a**2 - 4*a + 12*a**2 - m + 8*a**2. What is the tens digit of u(3)?
0
Let v(j) = j**3 + 13*j**2 + 7*j - 5. Let h be v(-5). Suppose -6*c + h = -866. Suppose 2*t = -3*b + c, -4*t = t + 2*b - 455. What is the tens digit of t?
9
Suppose 3*p + 58 = 34. Let g be (-49)/28 + 2/p. What is the tens digit of (g/(-5))/((-8)/(-520))?
2
Let o(h) = -1474*h**2 + 2*h - 1. Let q be o(1). Let w = 2713 + q. What is the tens digit of w?
4
Let d(p) = p**3 - 52*p**2 - 9*p - 719. What is the hundreds digit of d(55)?
8
Let t be -10 + 6 + 11 - 8. Let r(y) = 896*y**2 - 9*y - 8. What is the tens digit of r(t)?
9
Suppose 9*i - 12*i = -3894. Suppose 0 = -v - 3, 0 = -5*w + 4*v - 3*v + i. What is the units digit of w?
9
Let d(o) = 15*o + 1. Let l be d(0). Let a be (l/(-2))/((135/(-252))/(-15)). What is the hundreds digit of (-15 - a)*(-118 + -2)?
1
Suppose -453*l + 458*l = -19950. What is the tens digit of (8 - 14)/3 + l/(-3)?
2
Let f(k) = 62*k**3 - 117*k**3 + 4 - 7*k + 0 - 6*k**2 + 58*k**3. What is the hundreds digit of f(5)?
1
Let i = 588 + -562. Suppose 2*m - p - 572 = 0, 23*p - i*p = m - 272. What is the tens digit of m?
8
Suppose -5*j - 32 = -4*n - 10, -4*j = -n. Let g = 52 + n. Suppose -7*k + g = -k. What is the tens digit of k?
1
Let y(o) = 5*o**2 - 4*o - 1. Let w be y(1). Let x = -4 + 7. Suppose w = l - x*l + 72. What is the tens digit of l?
3
Let j(p) = 12*p**2 + 13*p + 1194. What is the units digit of j(-27)?
1
Suppose -9*n + 14 = -4. Suppose -n*t + 607 = -13. What is the tens digit of t?
1
Suppose -79*y = -1807764 - 2052395 - 884739. What is the hundreds digit of y?
0
Let b be (-15700)/75 + (1/(-3))/(-1). Let g = 488 - b. What is the units digit of g?
7
Let q(t) = -5*t - 4. Let h be q(-10). Let y = h - 42. Suppose -4*r + 0*f + 176 = -y*f, 2*r = f + 90. What is the tens digit of r?
4
Let f = -750 - -755. Suppose -2201 - 2344 = -4*j - f*l, 2286 = 2*j - 2*l. What is the units digit of j?
0
Let f = 27351 + -13583. What is the tens digit of f?
6
Let s(z) = 148*z + 130. Let o be s(28). Suppose o = 22*h - 18474. What is the units digit of h?
4
Suppose -1511 = -9*z + 2980. Let j = -198 + z. What is the hundreds digit of j?
3
Suppose -5*p - 43 = -4*t, 3*t + 5*p + 0*p = 41. Suppose -t*r + 15*r = 117. Suppose -j = -4*b - r, 3*b = 2*j - j - 42. What is the units digit of j?
1
Let i(d) = -2*d + 30. Let h = 21 + -7. Let v be i(h). Suppose -v*x + 72 = -40. What is the units digit of x?
6
Let v(q) = -5*q**3 - q. Let h be v(1). Suppose -14*c - 416 = -52. Let y = h - c. What is the tens digit of y?
2
Let b(y) = 2*y + 17. Let t be b(-7). Suppose -l + t*x - 2*x = 5, -2*l - 5 = 3*x. What is the units digit of (18/l)/(33/(-968))?
2
Suppose 3*h = 4*v + 13467, -h + 399 = -v - 4089. Suppose 0 = 23*k - 38*k + h. What is the tens digit of k?
9
Let d = 8902 - 303. What is the thousands digit of d?
8
Let y = -21039 + 51206. What is the ten thousands digit of y?
3
Suppose -39*p - 51*p + 1189745 = -1003915. What is the ten thousands digit of p?
2
Suppose 11*d = -s + 8*d + 120, 2*s - 248 = -4*d. Suppose 134*a - 1764 = s*a. What is the tens digit of a?
8
Suppose 62*v = 64*v - 8984. What is the units digit of v?
2
Let n = -47324 - -85555. What is the tens digit of n?
3
Let i(u) = -u**3 - 9*u**2 - 38*u - 127. What is the units digit of i(-24)?
5
Suppose 775*z + 59562 = 802*z. What is the thousands digit of z?
2
Suppose 38*s = 848126 - 84858. What is the thousands digit of s?
0
Let w = -119 - -101. What is the hundreds digit of w/18 + 14*(-46)/(-4)?
1
What is the thousands digit of (-174)/5*(-26660)/516?
1
Let i be 1/5 + (-3534)/(-30). Let z = i - 64. Suppose -z = -3*m + 168. What is the units digit of m?
4
Let d(c) = -407*c - 12369. What is the units digit of d(-198)?
7
Suppose 5*n - 4*l = 96013, 6*l - l - 19249 = -n. What is the tens digit of n?
0
Suppose 2*h - 5*i = 2535, -5*h + 253 = -5*i - 6122. Let n = h + -484. What is the units digit of n?
6
Let s = 22 + -12. Let p be ((-24)/(-10))/((-2)/s). What is the tens digit of 11 + (-5)/(15/p)?
1
Suppose 67*r = 69*r - 28. Suppose 6 - r = -2*c. Suppose 4*i + 15 - 711 = -c*l, -5*i + 868 = 4*l. What is the units digit of i?
2
Suppose 0 = 2*a + z - 4*z + 166, -96 = a + 5*z. Let m = -83 - a. Suppose -2*p + p = m*r - 149, -5*r + 253 = -3*p. What is the units digit of r?
0
Let b(n) = 3*n**2 - 57*n + 246. Let h(s) = -2*s**2 + 29*s - 123. Let r(m) = 3*b(m) + 5*h(m). What is the hundreds digit of r(0)?
1
Suppose -z = -3, -6*z + 2*z = 3*m - 15. Let s(w) = 1213*w**2 + w - 64. Let o(y) = -101*y**2 + 5. Let q(a) = -25*o(a) - 2*s(a). What is the tens digit of q(m)?
0
Let a(x) = -x**3 + x**2. Let j(y) = 3*y**3 + 2*y**2 - 5*y - 1. Let z(c) = -2*a(c) + j(c). Let m = -288 + 290. What is the units digit of z(m)?
9
Let m = 412 + -416. What is the units digit of ((-2)/(-5))/(2*m/(-480))?
4
Suppose -27838 = -103*p + 275909. What is the thousands digit of p?
2
What is the ten thousands digit of (67 + 1667 - -2)*2/(2/13)?
2
Let y(k) be the second derivative of k**3/6 + k**2/2 - 18*k. Let u(z) = -z**2 - 4*z + 12. Let a(i) = -u(i) - 6*y(i). What is the units digit of a(-8)?
2
Suppose 4*k = -3*t - 21, -15 = 6*k - 3*k + 2*t. Suppose 0 = -3*m + h - 0*h + 131, 3*h - 192 = -4*m. What is the tens digit of (k + m)*(-6)/(-4)?
6
Let k = 31446 + -16595. What is the units digit of k?
1
Suppose -48*u = -29826 - 42750. Suppose -7*k + u = 2*k. What is the units digit of k?
8
What is the units digit of ((-4935)/(-470))/(2/11508)?
7
Let k = 39820 - 6633. What is the hundreds digit of k?
1
Suppose -k + 60 = 11*k. What is the thousands digit of (-358